
What are the prime factors of 471757?
11, 13, 3299
What are the prime factors of 4301254?
2, 131, 16417
What are the prime factors of 1760566?
2, 880283
List the prime factors of 302854.
2, 163, 929
What are the prime factors of 321562?
2, 160781
What are the prime factors of 678006?
2, 3, 7, 5381
What are the prime factors of 167436?
2, 3, 4651
What are the prime factors of 38834?
2, 19417
What are the prime factors of 1226498?
2, 7, 13, 23, 293
List the prime factors of 39469865.
5, 1973, 4001
List the prime factors of 169432.
2, 21179
List the prime factors of 970454.
2, 479, 1013
List the prime factors of 3369814.
2, 7, 240701
List the prime factors of 672771.
3, 11, 19, 29, 37
List the prime factors of 31881740.
2, 5, 11, 144917
What are the prime factors of 218181?
3, 72727
What are the prime factors of 2858365?
5, 571673
What are the prime factors of 16239794?
2, 17, 19, 23, 1093
What are the prime factors of 334811?
23, 14557
What are the prime factors of 6954826?
2, 227, 15319
List the prime factors of 1449400.
2, 5, 7247
What are the prime factors of 12180496?
2, 113, 6737
List the prime factors of 17483101.
31, 563971
List the prime factors of 22820214.
2, 3, 3803369
List the prime factors of 177718.
2, 17, 5227
What are the prime factors of 703346?
2, 7, 7177
List the prime factors of 6540104.
2, 17, 19, 2531
List the prime factors of 2257324.
2, 379, 1489
What are the prime factors of 735900?
2, 3, 5, 11, 223
List the prime factors of 1445784.
2, 3, 107, 563
List the prime factors of 4376711.
347, 12613
What are the prime factors of 730961?
7, 11, 863
List the prime factors of 9911933.
821, 12073
What are the prime factors of 1552?
2, 97
List the prime factors of 2255724.
2, 3, 62659
List the prime factors of 120937.
120937
List the prime factors of 86252.
2, 21563
What are the prime factors of 283423?
7, 19, 2131
What are the prime factors of 39413206?
2, 7, 173, 16273
List the prime factors of 5200039.
13, 269, 1487
List the prime factors of 16831403.
3371, 4993
What are the prime factors of 2049024?
2, 3, 23, 29
List the prime factors of 16066.
2, 29, 277
What are the prime factors of 2274687?
3, 31, 263
What are the prime factors of 1415365?
5, 7, 53, 109
What are the prime factors of 348411?
3, 7, 47, 353
What are the prime factors of 2030496?
2, 3, 13, 1627
What are the prime factors of 134042?
2, 67021
What are the prime factors of 636947?
636947
List the prime factors of 5883387.
3, 1961129
What are the prime factors of 1281401?
11, 116491
List the prime factors of 518313.
3, 17, 10163
What are the prime factors of 1976452?
2, 43, 11491
List the prime factors of 1338649.
13, 89
List the prime factors of 929541.
3, 383, 809
List the prime factors of 428930.
2, 5, 59, 727
What are the prime factors of 1692534?
2, 3, 282089
What are the prime factors of 466419?
3, 155473
What are the prime factors of 14138585?
5, 71, 39827
What are the prime factors of 32879438?
2, 797, 20627
What are the prime factors of 149855?
5, 17, 41, 43
What are the prime factors of 127315?
5, 25463
What are the prime factors of 275635?
5, 55127
List the prime factors of 3975120.
2, 3, 5, 5521
What are the prime factors of 2860797?
3, 73, 13063
List the prime factors of 2120894.
2, 19, 55813
What are the prime factors of 222804?
2, 3, 2063
List the prime factors of 483976.
2, 60497
List the prime factors of 667820.
2, 5, 33391
What are the prime factors of 959515?
5, 191903
What are the prime factors of 235668?
2, 3, 41, 479
What are the prime factors of 34623441?
3, 17, 23, 9839
List the prime factors of 44578.
2, 31, 719
List the prime factors of 2951451.
3, 109313
List the prime factors of 127817.
127817
What are the prime factors of 5669378?
2, 11, 13, 43, 461
List the prime factors of 204440.
2, 5, 19, 269
What are the prime factors of 3235477?
7, 151, 3061
What are the prime factors of 872246?
2, 149, 2927
List the prime factors of 81579.
3, 71, 383
What are the prime factors of 26154864?
2, 3, 23, 53, 149
What are the prime factors of 12841378?
2, 11, 19, 31, 991
What are the prime factors of 10326847?
10326847
What are the prime factors of 177391?
53, 3347
List the prime factors of 12354151.
23, 31, 17327
What are the prime factors of 15226?
2, 23, 331
List the prime factors of 4687892.
2, 11, 106543
List the prime factors of 1406941.
601, 2341
List the prime factors of 2587065.
3, 5, 13, 13267
List the prime factors of 17188671.
3, 5729557
List the prime factors of 2241489.
3, 157, 4759
What are the prime factors of 5581694?
2, 509, 5483
What are the prime factors of 23521293?
3, 871159
List the prime factors of 370213.
370213
List the prime factors of 376352.
2, 19, 619
List the prime factors of 828891.
3, 7, 59, 223
What are the prime factors of 1584415?
5, 7, 29, 223
What are the prime factors of 79976?
2, 13, 769
What are the prime factors of 1524908?
2, 7, 11, 4951
What are the prime factors of 12185887?
7, 29, 60029
List the prime factors of 1881224.
2, 113, 2081
What are the prime factors of 372394?
2, 11, 16927
List the prime factors of 2268910.
2, 5, 7, 32413
What are the prime factors of 2249663?
13, 131, 1321
List the prime factors of 2833169.
17, 166657
List the prime factors of 4246131.
3, 1415377
What are the prime factors of 248612?
2, 7, 13, 683
What are the prime factors of 1433800?
2, 5, 67, 107
What are the prime factors of 1968857?
11, 178987
What are the prime factors of 5717338?
2, 11, 17, 15287
List the prime factors of 921298.
2, 7, 17, 79
List the prime factors of 10239759.
3, 53, 21467
List the prime factors of 73096.
2, 9137
What are the prime factors of 671461?
7, 95923
List the prime factors of 118098.
2, 3
What are the prime factors of 19149089?
17, 509, 2213
List the prime factors of 4184734.
2, 139, 15053
List the prime factors of 2646682.
2, 89, 14869
What are the prime factors of 205728?
2, 3, 2143
What are the prime factors of 357488?
2, 22343
List the prime factors of 289675.
5, 11587
What are the prime factors of 19856042?
2, 9928021
List the prime factors of 11719623.
3, 3906541
What are the prime factors of 2654846?
2, 131, 10133
What are the prime factors of 10624284?
2, 3, 11, 271
What are the prime factors of 922175?
5, 36887
What are the prime factors of 13614429?
3, 4538143
List the prime factors of 121840.
2, 5, 1523
List the prime factors of 5919687.
3, 657743
List the prime factors of 168543.
3, 61, 307
List the prime factors of 8943963.
3, 7, 425903
List the prime factors of 5274391.
5274391
What are the prime factors of 447738?
2, 3, 74623
List the prime factors of 18078.
2, 3, 23, 131
List the prime factors of 11070255.
3, 5, 7, 19, 31, 179
What are the prime factors of 24739274?
2, 7, 1767091
What are the prime factors of 605192?
2, 7, 101, 107
List the prime factors of 3297354.
2, 3, 17, 32327
List the prime factors of 579410.
2, 5, 13, 4457
What are the prime factors of 1966330?
2, 5, 31, 6343
What are the prime factors of 78359?
127, 617
What are the prime factors of 3373790?
2, 5, 7, 48197
List the prime factors of 23038149.
3, 7679383
List the prime factors of 2644813.
89, 29717
What are the prime factors of 93640?
2, 5, 2341
What are the prime factors of 407135?
5, 107, 761
What are the prime factors of 7020423?
3, 780047
What are the prime factors of 1251433?
1251433
List the prime factors of 9152676.
2, 3, 13, 41, 53
What are the prime factors of 2244863?
2244863
List the prime factors of 364806.
2, 3, 13, 1559
What are the prime factors of 8721564?
2, 3, 726797
List the prime factors of 28399971.
3, 9466657
List the prime factors of 16791473.
67, 250619
What are the prime factors of 4736503?
587, 8069
What are the prime factors of 48899?
107, 457
What are the prime factors of 1389376?
2, 17, 1277
List the prime factors of 271450.
2, 5, 61, 89
What are the prime factors of 21947887?
13, 1688299
What are the prime factors of 255045?
3, 5, 7, 347
What are the prime factors of 490859?
490859
List the prime factors of 407635.
5, 81527
What are the prime factors of 32395?
5, 11, 19, 31
List the prime factors of 3338842.
2, 13, 281, 457
What are the prime factors of 871193?
31, 157, 179
What are the prime factors of 204370?
2, 5, 107, 191
What are the prime factors of 187432?
2, 7, 334